ue
Let o be 8*3/132 - 379069/(-11). Suppose 4*k + o = -3*k. Is (3/(18/4))/((-6)/k) a composite number?
False
Is (-4 + (-81)/(-6) + -11)/(6/(-522052)) a prime number?
True
Is (-63)/210 - 1446565/(-50) a prime number?
False
Let h(j) be the third derivative of 799*j**6/120 - j**4/6 + 2*j**3/3 - 4*j**2 + 10. Is h(1) composite?
True
Is 6/39 - 118568312/(-897) - 5/(-3) composite?
True
Let s(z) = 43*z**3 + 34*z**2 - 24*z + 29. Is s(12) a prime number?
True
Let j(s) = 59*s**2 + 6*s - 31. Let m(r) = -r**3 + 13*r**2 - 2*r + 19. Let x be m(13). Let b be j(x). Suppose 2*t + 0*t = b. Is t a prime number?
True
Suppose 0 = -55*g + 529*g - 498904908. Is g a composite number?
True
Let h be (-3*(-10)/(-15))/(-1). Suppose h*z = -z. Suppose 4*s - 3*s - 307 = z. Is s a prime number?
True
Let c be -43*3/(-9)*-3. Let i = 45 + c. Suppose 0 = 2*b - v - 2*v - 430, 0 = -2*b - i*v + 450. Is b composite?
True
Let a(z) = -5*z + 2. Let n(j) = -1. Let p(s) = a(s) - 4*n(s). Let q be p(4). Let l(y) = 4*y**2 - 4*y + 13. Is l(q) composite?
False
Let i(p) = 13964*p + 1477. Is i(9) a composite number?
True
Suppose 8*l - 50316 = 7*l - 5*g, 2*g = 3*l - 150982. Is l prime?
False
Suppose d + 4*s = 12, s - 3*s = -2*d - 6. Suppose -5*c + n + 39192 = d, 0 = 5*c + 4*n + 2584 - 41766. Suppose -c + 1290 = -4*h. Is h a prime number?
True
Is ((-869767)/(-21) + 16/(-112))*(-30)/(-20) composite?
True
Let g be (11 + 1/(-1))*(-1)/(-5). Is g - -1 - (-19660 + 2) a prime number?
True
Suppose -h - 3*o - 30 = -o, h - o + 39 = 0. Let w(y) = -19*y**2 - 6*y - 18. Let q be w(8). Is (4 + h/8)/(1/q) a prime number?
True
Suppose -5*l = -u + 303971, u - 124*l - 304003 = -127*l. Is u a composite number?
True
Let i = -24 + 26. Let z(g) = -4 + 6*g + 31*g**i - 3*g + 3*g. Is z(3) prime?
True
Let j(u) be the second derivative of 1727*u**3/6 - 26*u**2 - 8*u. Let h be j(8). Suppose 4*r - 5*d - h - 1039 = 0, -r + 3727 = 4*d. Is r prime?
False
Suppose 483873 = -14*u + 2415005. Suppose -39*y + u + 51095 = 0. Is y prime?
False
Let c(j) be the second derivative of -j**5/20 - 4*j**4/3 + 49*j**3/6 + 13*j**2/2 + 16*j + 2. Is c(-21) a composite number?
True
Suppose -62*i + 23067692 = 3*i - 25506483. Is i prime?
False
Let k be 172/28 - 1/7. Suppose b = -b + k. Suppose p + b*g - 329 = 0, 3*p - 167 = -5*g + 828. Is p a prime number?
False
Suppose -2*c + 8755 = 4*p - c, 2175 = p + 3*c. Suppose 5*g - 40955 + p = 0. Is g composite?
False
Let x be (2 + (-241)/2)*(1 + 37). Let m = x + 8464. Let g = m + -2704. Is g a composite number?
True
Suppose -3*x - 4*c + 54791 = 0, -2*c + 32757 + 58580 = 5*x. Suppose 2*t - 4*h - x = -9*h, -3 = -h. Is t a prime number?
True
Is ((-1662564)/8)/(12*1/(-40)) composite?
True
Let m(l) = 551*l**2 - 68*l + 89. Is m(-14) a composite number?
False
Suppose -11 = -3*x - 5. Let i be x*(-16 + 6/(-3)). Is (5601/(-4))/(27/i) a composite number?
False
Let y = -31 + 43. Let d be (-14*3*(-8)/y)/1. Let q = 29 + d. Is q composite?
True
Let f(s) = s**2 - 4*s - 5. Let v be f(6). Suppose -5 + 1 = -2*q + 4*w, 0 = -q - 4*w - 4. Suppose -v*y + 8*y - 47 = q. Is y composite?
False
Suppose 3*g - 8*g + 5*h + 1464520 = 0, 0 = 5*h - 25. Is g composite?
False
Let o(q) = 4*q + 192. Let h be o(-47). Suppose -2*f = -4, 6*r + 5*f - 9248 = h*r. Is r prime?
False
Suppose 568693 = 2*g - 9*f + 114766, -5*g = -2*f - 1134797. Is g composite?
True
Let b(a) = 170*a**3 + 9*a**2 - 26*a + 64. Is b(7) a composite number?
True
Suppose -2*j + 86930 + 29183 = 3*d, -5*j - 5 = 0. Is d composite?
True
Let l(p) = 2*p**3 + 202*p**2 - 94*p - 209. Is l(-87) a prime number?
False
Suppose 9925 - 3877 = -21*w. Is (w/384)/(6/(-1304)) prime?
True
Suppose 27448 = 5*z + 3*q - 114288, 3*q - 113387 = -4*z. Is z prime?
True
Let t(u) = -u**3 + 11*u**2 + 11*u + 19. Let r be t(9). Suppose -3*z - z - 219 = 3*p, -5*p = 5*z + r. Let k = z + 57. Is k a composite number?
True
Suppose -3*g + f + 8397 = 0, -4*f = 5*g - 15685 + 1707. Suppose 4*w - 746 - g = -4*o, 1793 = 2*o - 5*w. Is o prime?
False
Suppose 0*y = l + 3*y - 1, 0 = -5*y. Is (-3)/l*(-28594)/102 composite?
True
Let g(z) = -131185*z + 813. Is g(-4) composite?
True
Let j(u) = 12*u**2 + 15*u**3 - 9*u + 8 - 3*u - u - 16*u**3. Let x be j(14). Let f = x - -1533. Is f a prime number?
True
Let y(k) = -24*k - 4. Let i be y(3). Suppose -2*a + 10*f - 5*f = 391, 5*a + 1000 = 5*f. Let h = i - a. Is h prime?
True
Let u be -117*(42/9 - 4). Let k = 82 + u. Suppose 0 = 4*p + k*n - 2080, -p - 508 = -2*p + 3*n. Is p a prime number?
False
Suppose y = -0*y + 1. Is (1*-11617)/(y + -2) prime?
True
Let a(b) be the first derivative of -b**5/120 + 899*b**4/24 - b**3 + 19. Let t(p) be the third derivative of a(p). Is t(0) a prime number?
False
Suppose 0 = -228*w - 91*w + 273998989. Is w a prime number?
True
Is (4 + -1 - -5) + 2283 composite?
True
Suppose 14*k + 4*p = 17*k - 63361, k = 2*p + 21121. Suppose 3*m - 2*g - k = 0, -g + 5287 = -4*m + 33454. Is m a composite number?
False
Let l be (-17028)/(-12) + -1*(0 + 5). Let y = 2301 - l. Is y prime?
True
Suppose 17*h - 19755 = 13327. Suppose -5*u + 7293 = 2*j, -4*u + 4444 = 3*j - 1389. Suppose h = 5*c - u. Is c a composite number?
True
Let p = -1419 - -837. Is (-962)/37*(-1 - p/(-4)) a prime number?
False
Let v = -242 - -152. Let l = 61 - v. Suppose 0 = l*g - 147*g - 2668. Is g prime?
False
Suppose -14*m = -9*m + 15, -5*b - 2*m + 13604 = 0. Suppose 15*l + b = 17*l. Is l a composite number?
False
Let w(k) = 532*k**2 - 28*k - 120. Let i be w(-14). Suppose -4*j + i = -49828. Is j a composite number?
False
Let a be 150/(-825) + (-2 - 57/(-11)). Let x(h) be the first derivative of 13*h**4/2 - 4*h**3/3 + h**2 + h - 1. Is x(a) a prime number?
True
Let o(k) be the third derivative of -1/120*k**6 + 7*k**2 + 0 - 5/12*k**4 + 0*k - 3/2*k**3 - 3/20*k**5. Is o(-8) a prime number?
True
Let l(s) = 302*s**2 - 14*s - 3. Let c(h) = -h**3 + 6*h**2 - 2*h + 5. Let t be c(6). Let y be l(t). Is y/15 - 6/(-45) composite?
True
Let c be 956/34 + 6/(-51). Let x = c + -48. Is x/5*19059/(-12) a prime number?
True
Is ((-4)/(-6))/((-216)/(-5703372)) a prime number?
False
Let u(t) = 2*t + 587. Let h(m) = m**3 + 6*m**2 + 3*m - 6. Let b be h(-5). Let x = b + -4. Is u(x) composite?
False
Let y = -261248 + 403661. Suppose 8*i - y = 5851. Is i a composite number?
True
Let w(b) = 9*b**2 - 7*b - 36. Let x be w(-4). Suppose -p + 3*g = -x, 4*p + 25*g - 21*g = 560. Is p a composite number?
False
Let r(k) = k**2 - 8*k + 6. Let d be r(6). Let t be 0/(0 - -4) - d/3. Suppose 955 = t*c - 507. Is c composite?
True
Let f be -1*(-3)/(-12) + (-51)/(-12). Suppose f*m + 5*l = 32, 0*l + l = m + 1. Suppose -a = m*o - 985, o - 1394 - 1561 = -3*a. Is a a composite number?
True
Suppose b = q - 16, 3*q - 47 = q + 5*b. Let y = -16 + q. Let v(f) = -39*f + 10. Is v(y) a composite number?
True
Let w(n) = 59*n - 22. Suppose -30 = -0*r - 2*r - 2*o, 2*r + 5*o = 45. Suppose -r*p = -13*p + 21. Is w(p) a prime number?
False
Let i(r) = -r**3 - 2*r**2 + 18*r + 17. Let m be i(-5). Suppose 25 = 5*s, 2375 = v - m*s - 2912. Is v a composite number?
False
Suppose 0 = 17*j - 24*j + 37219. Let a = j + 2300. Is a a composite number?
True
Let j(i) = -647*i - 2799. Is j(-34) a composite number?
True
Let o(v) = 553*v + 3. Let k be o(-1). Let a = -227 - k. Is a a composite number?
True
Suppose 0 = -5*a - s + 351547, -19*a + 16*a + s + 210925 = 0. Is a prime?
True
Let a = -65478 + 114971. Is a a composite number?
True
Suppose 0*s + s + 2670 = 0. Let p = 2027 - 2850. Let b = p - s. Is b a prime number?
True
Let f(g) = 41*g**3 + 9*g**2 + 98*g - 831. Is f(11) a prime number?
False
Let j(t) = t + 5. Let l be j(11). Suppose -50 = 11*z - l*z. Let h(k) = k**3 - 8*k**2 + 6*k - 7. Is h(z) prime?
False
Suppose 4*n - 349 = -n + 4*w, 0 = -n - 2*w + 67. Suppose 0 = n*k - 38*k - 1917629. Is k prime?
False
Suppose 4*w = 5*l - 13228, 24*l - 7929 = 21*l + 5*w. Let r(k) = -k**3 + 5*k**2 - k - 3. Let p be r(4). Suppose -p*f + f = -l. Is f a prime number?
True
Suppose f + 1078 = -3*p, 9*p + 1082 = 6*p + f. Let k = 995 + p. Is k a prime number?
False
Let w = -302 - -182. Let i be (w/(-100))/(-1 + 25332/25330). Suppose 5*m - 802 - i = -5*r, m - 3*r - 3212 = 0. Is m a composite number?
False
Let w(m) = -2*m + 32. Suppose -p - 5*l + 25 = -0*p, -2 = -2*l. Let h be w(p). Let g(s) = -3*s**3 - 20*s*